e 24/48*(1 + 13). Let r(h) be the first derivative of 6*h - 3/2*h**2 + z. Calculate r(5).
-9
Let h be (-1)/(1/((-34)/2)). Suppose 2*v = -1 + h. Let x(q) = q**3 + 8 + 0*q**3 - 5*q**2 + 1 - v*q - 2. What is x(6)?
-5
Let b = -1155 - -1158. Let i(c) = -2*c + 10. Calculate i(b).
4
Suppose -10 = -3*w - 1. Let f(u) = 10 - 14 - 3*u**2 + 9*u**2 + u - 5*u**2. Give f(w).
8
Let y(z) = -122*z**3 - z + 7*z**2 + 66*z**3 + 55*z**3 + 0*z - z**2 + 1. Suppose 6 + 30 = 3*a. Suppose -2*o = -4*o + a. Determine y(o).
-5
Let p(w) = 7*w**2 - w - 43. Let y(u) = 13*u**2 - u - 82. Let a(r) = -11*p(r) + 6*y(r). Determine a(-7).
-5
Let a(r) = -r**2 - 78*r - 226. Let f be a(-3). Let b(t) = 5*t - 4. Let o(q) = -4*q + 5. Let z(w) = -6*b(w) - 5*o(w). Give z(f).
9
Let z(g) = 5*g**3 + 3*g**2 + 4*g - 2. Let f(q) = -9*q**3 - 6*q**2 - 7*q + 4. Let y(r) = -3*f(r) - 5*z(r). Suppose -2*h = -h + 2. Give y(h).
-8
Let n(z) = 13*z. Let i(b) be the third derivative of 1/8*b**4 + 0*b**3 + 0 + 0*b - b**2. Let q(l) = 9*i(l) - 2*n(l). Give q(5).
5
Let o(m) = -m**3 - 2*m**2 - 2*m + 1. Let v be (8/10)/(74/(-185)). Give o(v).
5
Suppose -11 = -2*s + 1. Let k(y) = -41*y - 3. Let z(o) = 7*o - 1. Let h(g) = k(g) + 6*z(g). What is h(s)?
-3
Let n(v) = -7*v + 0*v + 17 - 18 - 224*v**2 + 117*v**2 + 108*v**2. Let k(t) = t + 7. Let d be k(0). Calculate n(d).
-1
Let v(y) = -y**3 + 7*y**2 - 6*y. Let t(c) = c**2 - 10*c + 6. Let z be t(0). Calculate v(z).
0
Let x(h) = 5 + 6*h + 979*h**3 - 980*h**3 + 0*h - 4*h**2. Determine x(-5).
0
Let n be -4 + 6 - 1*3. Let p(w) be the first derivative of w**4/2 - 570. Determine p(n).
-2
Let l(q) = q - 1. Let u(n) = 3*n - 4. Let g(w) = 2*l(w) - u(w). Suppose 4 = -27*d + 29*d. Determine g(d).
0
Suppose 5*s + 5*b - 25 = 0, 4*s + 5*b = s + 5. Suppose 3*d = -s - 2. Let o(t) be the third derivative of -t**5/60 - t**4/4 - t**3/2 + t**2. Calculate o(d).
5
Suppose 2*g + m - 9 = 2*m, 4*m = 12. Let j(s) = -s**3 + 4*s**2 - 2*s + 2. Let z be j(3). Let a(w) = -8 - 2*w + 5 + w**2 - z*w + 0*w. Give a(g).
-9
Let y(d) = -1. Let z(b) = b**2 - 4. Suppose 1 = -5*g - 4. Suppose -2*x - 9 = -5. Let c(t) = g*z(t) + x*y(t). Determine c(0).
6
Let c(p) = 30 - 4*p + p + 4*p - 10*p + 7*p. Determine c(6).
18
Let l(r) = -r**2 + 22*r - 36. Let i be l(20). Let j(m) = m**2 - 6*m + 5. Determine j(i).
-3
Let v(k) be the second derivative of k**5/20 - 11*k**4/12 - 5*k**2/2 + k + 149. Determine v(11).
-5
Let n(i) = 7*i + 1. Let b(d) be the third derivative of 3*d**2 + 0*d**3 + 0*d + 0 + 1/24*d**4. Let l(k) = 6*b(k) - n(k). Give l(-4).
3
Let a be (-8)/(-28) - 19/(-7). Let i(x) = -5*x + 3. Let n(z) be the third derivative of z**4/6 - z**3/2 + 7*z**2 + 6. Let d(g) = a*i(g) + 4*n(g). Give d(4).
1
Let x(i) = 17*i**2 + 7*i + 3. Suppose 5 = 3*z - 4*z. Let m(w) = 8*w**2 + 3*w + 1. Let a(t) = z*m(t) + 2*x(t). Let s be 1*(-2 - -1)*-1. Give a(s).
-6
Let v(r) = -r**2 - 5*r + 21. Let a be v(-7). Suppose 25 = -12*m + a*m. Let t(f) = -f**3 - 6*f**2 - 6*f - 2. Give t(m).
3
Let v(p) = -14*p**2 - 38*p + 32. Let b = -11 + 5. Let l(a) = -5*a**2 - 13*a + 11. Let s(k) = b*v(k) + 17*l(k). Let f = 3 + 2. What is s(f)?
5
Let i(o) = -o**2 + 2*o - 3. Let d(p) = -3*p**2 + 9*p - 13. Let c(k) = 2*d(k) - 9*i(k). Suppose 8 = -6*a - 4. Determine c(a).
13
Suppose 7*u - 12*u = 0. Let a(k) = -k**2 - k + 5. Give a(u).
5
Let z(i) be the third derivative of i**5/60 + 5*i**4/24 + 7*i**3/6 + 11*i**2 - 1. Give z(-6).
13
Let i(a) = 12*a**2 + 15*a - 5*a**2 - a**3 - 4 - 13*a + 2*a**3. Give i(-7).
-18
Let d(p) = p - 2. Suppose -5*w = -15 - 5. Let l(i) = -i**3 - 7*i**2 - 5*i + 1. Let o be l(-6). Let z be (w + o - 0)*-5. What is d(z)?
3
Let h be (4 + -5)/((-1)/(-4)). Let x(m) = -m - 9. Let k be x(h). Let f(t) = -t + 0 - t**2 - 2 - 4*t. Calculate f(k).
-2
Let t(h) = -11*h - 2. Let y be t(-1). Let o(n) = 8*n + 187 - n**2 - 187. Determine o(y).
-9
Let t(i) = 3*i**2 - 4*i - 8. Let u(a) = 7*a**2 - 7*a - 17. Let r(z) = 5*t(z) - 2*u(z). Let m(l) = -l**2 - 90*l - 255. Let c be m(-3). Give r(c).
-6
Suppose -3*v + v = 5*y + 20, 3*y - v = -23. Let z(n) = n**3 + 6*n**2 + 2*n + 7. What is z(y)?
-5
Let s(v) = 81*v - 9*v**2 - v**3 - 253*v + 84*v - 5 + 86*v. Let b be 1*(-6)/(-2)*-3. What is s(b)?
13
Let w(i) = -3*i - 4. Let d = 10 - -16. Let o be (d/12 + (-1)/6)*-2. Determine w(o).
8
Let k(v) = 40*v + 802. Let p be k(-20). Let y(f) = -f**3 + 2*f**2 + 2*f - 4. Calculate y(p).
0
Let n(k) be the first derivative of k**6/360 - k**5/12 - k**4/12 - 2*k**3/3 - 11*k + 40. Let u(t) be the third derivative of n(t). Determine u(7).
-23
Let r(i) = -i + 20. Suppose -2*v + 4 = 3*q - 0*v, -v + 2 = 0. Give r(q).
20
Let b(t) = -t**2 - 17*t + 4. Let z be b(-18). Let h = -16 - z. Let g(d) be the first derivative of 2*d**3/3 + d**2 + d + 4. Give g(h).
5
Let r(l) = l**3 - 7*l**2 + 8*l - 5. Let i be (12/(-14))/((-14)/98). Give r(i).
7
Let a(n) = 4 - n**2 + 2*n**2 + 4*n + 0. Let u = -84 - -78. Give a(u).
16
Let s(y) = -23*y + 6. Let a(l) = -6*l - 1. Let k(t) = -4*a(t) + s(t). Calculate k(-7).
3
Let q(b) be the second derivative of -b**3/3 + b**2/2 + b - 483. What is q(-2)?
5
Suppose 0 = 15*t - 12*t + 15. Let s(m) = -3*m**3 + m**2 + 4*m - 2. Let r(y) = y**3 - y**2 - 2*y + 1. Let a(i) = t*r(i) - 2*s(i). What is a(-3)?
-7
Let z(j) = -14*j + 2. Let h(n) = -5*n + 1. Let r = 83 + -72. Let q(p) = r*h(p) - 4*z(p). What is q(-6)?
-3
Let h = -2 + 3. Let w = 5 - h. Let l(u) = -7*u**2 - 12*u + 5. Let y(q) = -3*q**2 - 6*q + 2. Let o(f) = -4*l(f) + 9*y(f). Give o(w).
-10
Let b(p) = p**2 + 4*p + 5. Let a be b(-9). Suppose -3*i - a = -5*j, 0*i - 2 = i + 2*j. Let z be (6/i)/((-3)/15). Let o(m) = m**3 - 2*m**2 + m - 4. Give o(z).
8
Let p(s) = 5*s**2 + 2*s - 1. Let x(c) = -c**2 + 5*c - 1. Let u be x(4). Suppose 5*f - u*f = 0. Suppose f = 2*d - 2. Calculate p(d).
6
Let h be (-1 - -1) + (-8)/1. Let r(z) = z**2 + 5*z - 18. Determine r(h).
6
Suppose 0 = -3*v + p - 1, 8*v + 3*p + 19 = 6*v. Let a(s) be the third derivative of 5*s**4/24 - s**3/6 - 3*s**2. Determine a(v).
-11
Let b(c) = -2*c**3 + 3*c**2 - 4*c - 10. Let y(n) = -n**3 + 2*n**2 - 3*n - 11. Let f(g) = -2*b(g) + 3*y(g). Determine f(0).
-13
Let h(g) be the first derivative of -g**6/90 - g**5/60 + g**4/24 + 13*g**3/3 - 33. Let p(z) be the third derivative of h(z). Give p(-2).
-11
Let d(b) = 33*b**3 + 7*b**2 + 10. Let c(q) = 16*q**3 + 3*q**2 + 4. Let p(f) = 5*c(f) - 2*d(f). What is p(-1)?
-13
Suppose -4*z - 3*h - 9 = 0, 2 = 2*z + 3*h + 11. Let f(g) be the third derivative of z + 0*g - 1/24*g**4 + 0*g**3 - 3*g**2. Determine f(4).
-4
Let t = -238 - -242. Let k(v) be the second derivative of -v**4/6 + 3*v**3/2 + v**2 + v. Let s be k(t). Let y(j) = -j**2 + 6*j - 8. Give y(s).
-8
Suppose -3*z - 2*z = -35. Let k = z + -1. Let q(l) be the first derivative of -l**2 + 8*l + 2. Determine q(k).
-4
Let k(t) = t - 3. Suppose -h = -2*y - 22, 5*y - 2 - 18 = 0. Suppose 2 = 4*s + h. Give k(s).
-10
Let c be 1/4 - (-21)/12. Let i(b) = 8*b**c + 0 - 1 - 7*b**2 - 6*b + 0. Suppose -4*q = -18 - 2. What is i(q)?
-6
Let p(a) = -7*a**2 - 6*a - 9. Let z(b) = -4*b**2 - 3*b - 5. Let j(g) = 3*p(g) - 5*z(g). What is j(-6)?
-20
Let p(g) be the third derivative of g**6/120 + g**5/12 + 5*g**4/24 + 2*g**3/3 + 88*g**2 - 2. Determine p(-5).
-21
Let q(d) = -4*d + 1. Suppose 104 = -4*x + 2*c, 0*c = -5*x + 2*c - 128. Let o be (-8)/x - (-2)/3. Let r be (-1 - 0)*(0 + o). What is q(r)?
5
Let i(p) = 10*p**2 - p - 1. Let n(j) = -24*j - 625. Let b be n(-26). Calculate i(b).
10
Let f(b) = b**3 - 37*b**2 - 9 + 0*b**3 + 29*b**2 + 3*b. Give f(8).
15
Let o(k) = -2*k + 1. Let a(y) = -2*y + 1. Let l = 5 - 7. Let q be a(l). Suppose 3*g = q*t - 29, g - 2*t = -4*g - 23. What is o(g)?
7
Let o(a) = 6*a + 1. Let q(b) = -2*b**2 + 16*b + 3. Let n(s) = -8*o(s) + 3*q(s). Give n(-1).
-5
Let d(c) = c**2 + 26*c + 152. Let f be d(-16). Let m(y) = -8 - 2*y + 2 - 5. Calculate m(f).
5
Let r(u) = 13 + 0*u + 0*u - u. Let n(d) = -2*d**2 - 15*d - 12. Let i be 340/(-55) + 4/22. Let q be n(i). What is r(q)?
7
Let o(g) = -8*g**2 + 16*g + 15. Let n be o(-1). Let x(k) = 5*k + 43. Give x(n).
-2
Suppose -4*d - 3 = -4*v - 7, 4*v - 5*d + 7 = 0. Let o be 2/((-8)/4)*v. Let b(i) = 4 + 3 - 3 + i. Calculate b(o).
2
Let r = 19 - 14. Let s be ((-16)/(-20))/(2/r). Let d(h) = h**s + h - 1 - 2*h - h. Give d(3).
2
Suppose -j + 23 - 29 = 0. Let z(g) = -9*g*